{"id":9,"date":"2023-07-26T01:40:22","date_gmt":"2023-07-25T22:40:22","guid":{"rendered":"https:\/\/ugurtabela.com\/?page_id=9"},"modified":"2024-08-23T09:29:35","modified_gmt":"2024-08-23T06:29:35","slug":"refund_returns","status":"publish","type":"page","link":"https:\/\/ugurtabela.com\/index.php\/refund_returns\/","title":{"rendered":"\u0130PTAL VE \u0130ADE KO\u015eULLARI"},"content":{"rendered":"\t\t<div data-elementor-type=\"wp-page\" data-elementor-id=\"9\" class=\"elementor elementor-9\">\n\t\t\t\t\t\t\t\t\t<section class=\"elementor-section elementor-top-section elementor-element elementor-element-348a3812 elementor-section-boxed elementor-section-height-default elementor-section-height-default\" data-id=\"348a3812\" data-element_type=\"section\">\n\t\t\t\t\t\t<div class=\"elementor-container elementor-column-gap-default\">\n\t\t\t\t\t<div class=\"elementor-column elementor-col-100 elementor-top-column elementor-element elementor-element-6cdea780\" data-id=\"6cdea780\" data-element_type=\"column\">\n\t\t\t<div class=\"elementor-widget-wrap elementor-element-populated\">\n\t\t\t\t\t\t\t\t<div class=\"elementor-element elementor-element-1eee762b elementor-widget elementor-widget-text-editor\" data-id=\"1eee762b\" data-element_type=\"widget\" data-widget_type=\"text-editor.default\">\n\t\t\t\t<div class=\"elementor-widget-container\">\n\t\t\t<style>\/*! elementor - v3.14.0 - 26-06-2023 *\/\n.elementor-widget-text-editor.elementor-drop-cap-view-stacked .elementor-drop-cap{background-color:#69727d;color:#fff}.elementor-widget-text-editor.elementor-drop-cap-view-framed .elementor-drop-cap{color:#69727d;border:3px solid;background-color:transparent}.elementor-widget-text-editor:not(.elementor-drop-cap-view-default) .elementor-drop-cap{margin-top:8px}.elementor-widget-text-editor:not(.elementor-drop-cap-view-default) .elementor-drop-cap-letter{width:1em;height:1em}.elementor-widget-text-editor .elementor-drop-cap{float:left;text-align:center;line-height:1;font-size:50px}.elementor-widget-text-editor .elementor-drop-cap-letter{display:inline-block}<\/style>\t\t\t\t<p><!-- wp:paragraph --><\/p>\n<p><span style=\"color: var( --e-global-color-text ); font-family: var( --e-global-typography-text-font-family ), Sans-serif; font-weight: var( --e-global-typography-text-font-weight );\">\u0130ade politikam\u0131z uyar\u0131nca \u00f6l\u00e7\u00fc, boyut ve tasar\u0131m\u0131n\u0131 sundu\u011funuz sipari\u015finizi, bizden kaynaklanan ve ay\u0131pl\u0131 mal h\u00fck\u00fcmlerinin uygulanmas\u0131n\u0131 gerektirecek hatalar bulunmad\u0131k\u00e7a, size tam bir geri \u00f6deme veya de\u011fi\u015fim sunamay\u0131z.<\/span><br><\/p>\n<p><!-- \/wp:paragraph --><!-- wp:paragraph --><\/p>\n<p><span style=\"vertical-align: inherit;\"><span style=\"vertical-align: inherit;\">\u0130ade i\u00e7in uygun olman\u0131z i\u00e7in, \u00fcr\u00fcn\u00fcn\u00fcz\u00fcn kullan\u0131lmam\u0131\u015f ve ald\u0131\u011f\u0131n\u0131z zamanki haliyle ayn\u0131 olmas\u0131 gerekir. Ayr\u0131ca orijinal ambalaj\u0131nda olmas\u0131 gerekir.<\/span><\/span><\/p>\n<p><!-- \/wp:paragraph --><!-- wp:paragraph --><\/p>\n<p><span style=\"vertical-align: inherit;\"><span style=\"vertical-align: inherit;\">Birka\u00e7 t\u00fcr mal iadeden muaft\u0131r. \u00d6zel sipari\u015f \u00fczerine yap\u0131lan mallar iade edilemez. Ancak T\u00fcrk Bor\u00e7lar Kanunu h\u00fck\u00fcmleri uyar\u0131nca ay\u0131ptan do\u011fan sorumluluk kapsam\u0131nda, sipari\u015fteki eksikliklerin giderilmesi yoluyla verdi\u011fimiz zarar\u0131 kar\u015f\u0131lamay\u0131 ve gerekti\u011finde sipari\u015finizi yeniden g\u00f6ndermeyi \u00fcstleniyoruz.<\/span><\/span><\/p>\n<p><!-- \/wp:paragraph --><!-- wp:paragraph --><\/p>\n<ul>\n<li>&nbsp;<\/li>\n<\/ul>\n<p><!-- \/wp:list --><!-- wp:paragraph --><\/p>\n<p><span style=\"vertical-align: inherit;\"><span style=\"vertical-align: inherit;\">\u0130adenizi tamamlamak i\u00e7in makbuz veya sat\u0131n alma belgesine ihtiyac\u0131m\u0131z var.<\/span><\/span><\/p>\n<p><!-- \/wp:paragraph --><!-- wp:paragraph --><\/p>\n<p><span style=\"vertical-align: inherit;\"><span style=\"vertical-align: inherit;\">L\u00fctfen sat\u0131n ald\u0131\u011f\u0131n\u0131z \u00fcr\u00fcn\u00fc \u00fcreticiye geri g\u00f6ndermeyiniz.<\/span><\/span><\/p>\n<p><!-- \/wp:paragraph --><!-- wp:paragraph --><\/p>\n<ul>\n<li>&nbsp;<\/li>\n<\/ul>\n<p><!-- \/wp:list --><!-- wp:paragraph --><\/p>\n<h2><span style=\"vertical-align: inherit;\"><span style=\"vertical-align: inherit;\">Geri \u00f6demeler<\/span><\/span><\/h2>\n<p><!-- \/wp:paragraph --><!-- wp:paragraph --><\/p>\n<p><span style=\"vertical-align: inherit;\"><span style=\"vertical-align: inherit;\">\u0130adeniz al\u0131nd\u0131ktan ve incelendikten sonra, iade etti\u011finiz \u00fcr\u00fcn\u00fc ald\u0131\u011f\u0131m\u0131z\u0131 bildirmek i\u00e7in size bir e-posta g\u00f6nderece\u011fiz. Ayr\u0131ca, geri \u00f6demenizin onaylan\u0131p onaylanmad\u0131\u011f\u0131n\u0131 da size bildirece\u011fiz.<\/span><\/span><\/p>\n<p><!-- \/wp:paragraph --><!-- wp:paragraph --><\/p>\n<p><span style=\"vertical-align: inherit;\"><span style=\"vertical-align: inherit;\">Onaylanman\u0131z durumunda, geri \u00f6demeniz i\u015fleme al\u0131nacak ve belirli bir g\u00fcn say\u0131s\u0131 i\u00e7erisinde kredi kart\u0131n\u0131za veya orijinal \u00f6deme y\u00f6nteminize otomatik olarak bir iade uygulanacakt\u0131r.<\/span><\/span><\/p>\n<p><!-- \/wp:paragraph --><!-- wp:paragraph --><\/p>\n<p><b><span style=\"vertical-align: inherit;\"><span style=\"vertical-align: inherit;\">Ge\u00e7 veya eksik iadeler<\/span><\/span><\/b><\/p>\n<p><!-- \/wp:paragraph --><!-- wp:paragraph --><\/p>\n<p><span style=\"vertical-align: inherit;\"><span style=\"vertical-align: inherit;\">E\u011fer hen\u00fcz para iadesi almad\u0131ysan\u0131z, \u00f6ncelikle banka hesab\u0131n\u0131z\u0131 tekrar kontrol edin.<\/span><\/span><\/p>\n<p><!-- \/wp:paragraph --><!-- wp:paragraph --><\/p>\n<p><span style=\"vertical-align: inherit;\"><span style=\"vertical-align: inherit;\">Daha sonra kredi kart\u0131 \u015firketinizle ileti\u015fime ge\u00e7in; geri \u00f6demenizin resmi olarak g\u00f6nderilmesi biraz zaman alabilir.<\/span><\/span><\/p>\n<p><!-- \/wp:paragraph --><!-- wp:paragraph --><\/p>\n<p><span style=\"vertical-align: inherit;\"><span style=\"vertical-align: inherit;\">Daha sonra bankan\u0131zla ileti\u015fime ge\u00e7in. Geri \u00f6deme g\u00f6nderilmeden \u00f6nce genellikle biraz i\u015flem s\u00fcresi olur.<\/span><\/span><\/p>\n<p><!-- \/wp:paragraph --><!-- wp:paragraph --><\/p>\n<p><span style=\"vertical-align: inherit;\"><span style=\"vertical-align: inherit;\">T\u00fcm bunlar\u0131 yapman\u0131za ra\u011fmen hala paran\u0131z\u0131 geri almad\u0131ysan\u0131z l\u00fctfen {email address} adresinden bizimle ileti\u015fime ge\u00e7in.<\/span><\/span><\/p>\n<p><!-- \/wp:paragraph --><!-- wp:paragraph --><\/p>\n<p><b><span style=\"vertical-align: inherit;\"><span style=\"vertical-align: inherit;\">Sat\u0131l\u0131k \u00fcr\u00fcnler<\/span><\/span><\/b><\/p>\n<p><!-- \/wp:paragraph --><!-- wp:paragraph --><\/p>\n<p><span style=\"vertical-align: inherit;\"><span style=\"vertical-align: inherit;\">Sadece normal fiyatl\u0131 \u00fcr\u00fcnler iade edilebilir. \u0130ndirimli \u00fcr\u00fcnler iade edilemez.<\/span><\/span><\/p>\n<p><!-- \/wp:paragraph --><!-- wp:paragraph --><\/p>\n<h2><span style=\"vertical-align: inherit;\"><span style=\"vertical-align: inherit;\">Borsalar<\/span><\/span><\/h2>\n<p><!-- \/wp:paragraph --><!-- wp:paragraph --><\/p>\n<p><span style=\"vertical-align: inherit;\"><span style=\"vertical-align: inherit;\">Yaln\u0131zca ar\u0131zal\u0131 veya hasarl\u0131ysa \u00fcr\u00fcnleri de\u011fi\u015ftiririz. Ayn\u0131 \u00fcr\u00fcnle de\u011fi\u015ftirmeniz gerekirse, bize {email address} adresinden bir e-posta g\u00f6nderin ve \u00fcr\u00fcn\u00fcn\u00fcz\u00fc \u015fu adrese g\u00f6nderin: {physical address}.<\/span><\/span><\/p>\n<p><!-- \/wp:paragraph --><!-- wp:paragraph --><\/p>\n<p><!-- \/wp:paragraph --><!-- wp:paragraph --><\/p>\n<h2><span style=\"vertical-align: inherit;\"><span style=\"vertical-align: inherit;\">Kargo iadeleri<\/span><\/span><\/h2>\n<p><!-- \/wp:paragraph --><!-- wp:paragraph --><\/p>\n<p><span style=\"vertical-align: inherit;\"><span style=\"vertical-align: inherit;\">\u00dcr\u00fcn\u00fcn\u00fcz\u00fc iade etmek i\u00e7in, \u00fcr\u00fcn\u00fc \u015fu adrese g\u00f6ndermelisiniz: {Fevzi\u00e7akmak Mah. 10506. Sok. No: 45 U\u011fur Tabela ve Metal Karatay\/KONYA}.<\/span><\/span><\/p>\n<p><!-- \/wp:paragraph --><!-- wp:paragraph --><\/p>\n<p><span style=\"vertical-align: inherit;\"><span style=\"vertical-align: inherit;\">Hatal\u0131 teslim durumunda \u00fcr\u00fcn\u00fcn\u00fcz\u00fc iade etmek i\u00e7in nakliye masraflar\u0131n\u0131z\u0131 anla\u015fmal\u0131 nakliye firmalar\u0131m\u0131z arac\u0131l\u0131\u011f\u0131yla kar\u015f\u0131lar\u0131z. Nakliye masraflar\u0131 iade edilmez.&nbsp;<\/span><\/span><\/p>\n<p><!-- \/wp:paragraph --><!-- wp:paragraph --><\/p>\n<p><span style=\"vertical-align: inherit;\"><span style=\"vertical-align: inherit;\">Ya\u015fad\u0131\u011f\u0131n\u0131z yere ba\u011fl\u0131 olarak, de\u011fi\u015ftirilen \u00fcr\u00fcn\u00fcn size ula\u015fma s\u00fcresi de\u011fi\u015fiklik g\u00f6sterebilir.<\/span><\/span><\/p>\n<p><!-- \/wp:paragraph --><!-- wp:paragraph --><!-- \/wp:paragraph --><!-- wp:paragraph --><\/p>\n<h2><span style=\"vertical-align: inherit;\"><span style=\"vertical-align: inherit;\">Yard\u0131ma m\u0131 ihtiyac\u0131n\u0131z var?<\/span><\/span><\/h2>\n<p><!-- \/wp:paragraph --><!-- wp:paragraph --><\/p>\n<p><span style=\"vertical-align: inherit;\"><span style=\"vertical-align: inherit;\">\u0130ade ve iadelerle ilgili sorular\u0131n\u0131z i\u00e7in {ugurreklam42@gmail.com} adresinden bize ula\u015f\u0131n.<\/span><\/span><\/p>\n<p><!-- \/wp:paragraph --><\/p>\t\t\t\t\t\t<\/div>\n\t\t\t\t<\/div>\n\t\t\t\t\t<\/div>\n\t\t<\/div>\n\t\t\t\t\t\t\t<\/div>\n\t\t<\/section>\n\t\t\t\t\t\t\t<\/div>\n\t\t","protected":false},"excerpt":{"rendered":"<p>\u0130ade politikam\u0131z uyar\u0131nca \u00f6l\u00e7\u00fc, boyut ve tasar\u0131m\u0131n\u0131 sundu\u011funuz sipari\u015finizi, bizden kaynaklanan ve ay\u0131pl\u0131 mal h\u00fck\u00fcmlerinin uygulanmas\u0131n\u0131 gerektirecek hatalar bulunmad\u0131k\u00e7a, size tam bir geri \u00f6deme veya de\u011fi\u015fim sunamay\u0131z. \u0130ade i\u00e7in uygun olman\u0131z i\u00e7in, \u00fcr\u00fcn\u00fcn\u00fcz\u00fcn kullan\u0131lmam\u0131\u015f ve ald\u0131\u011f\u0131n\u0131z zamanki haliyle ayn\u0131 olmas\u0131 gerekir. Ayr\u0131ca orijinal ambalaj\u0131nda olmas\u0131 gerekir. Birka\u00e7 t\u00fcr mal iadeden muaft\u0131r. \u00d6zel sipari\u015f \u00fczerine yap\u0131lan&#8230;<\/p>\n","protected":false},"author":1,"featured_media":0,"parent":0,"menu_order":0,"comment_status":"closed","ping_status":"closed","template":"","meta":{"_kad_post_transparent":"","_kad_post_title":"","_kad_post_layout":"","_kad_post_sidebar_id":"","_kad_post_content_style":"","_kad_post_vertical_padding":"","_kad_post_feature":"","_kad_post_feature_position":"","_kad_post_header":false,"_kad_post_footer":false,"footnotes":""},"class_list":["post-9","page","type-page","status-publish","hentry"],"_links":{"self":[{"href":"https:\/\/ugurtabela.com\/index.php\/wp-json\/wp\/v2\/pages\/9","targetHints":{"allow":["GET"]}}],"collection":[{"href":"https:\/\/ugurtabela.com\/index.php\/wp-json\/wp\/v2\/pages"}],"about":[{"href":"https:\/\/ugurtabela.com\/index.php\/wp-json\/wp\/v2\/types\/page"}],"author":[{"embeddable":true,"href":"https:\/\/ugurtabela.com\/index.php\/wp-json\/wp\/v2\/users\/1"}],"replies":[{"embeddable":true,"href":"https:\/\/ugurtabela.com\/index.php\/wp-json\/wp\/v2\/comments?post=9"}],"version-history":[{"count":7,"href":"https:\/\/ugurtabela.com\/index.php\/wp-json\/wp\/v2\/pages\/9\/revisions"}],"predecessor-version":[{"id":831,"href":"https:\/\/ugurtabela.com\/index.php\/wp-json\/wp\/v2\/pages\/9\/revisions\/831"}],"wp:attachment":[{"href":"https:\/\/ugurtabela.com\/index.php\/wp-json\/wp\/v2\/media?parent=9"}],"curies":[{"name":"wp","href":"https:\/\/api.w.org\/{rel}","templated":true}]}}